tors of 138/2 - (u - 15).
67
Suppose d - 1930 = -3*q, -5*d - 3*q + 5*q + 9684 = 0. What are the prime factors of d?
2, 11
Let l be (4 - -300) + (-1 - -2). Let v = -1330 + 1332. Suppose -v*f + 3*h = 2*h - l, f + 4*h - 157 = 0. What are the prime factors of f?
3, 17
Let b(o) = o**3 + 16*o**2 + 15*o + 12. Let d be b(-15). What are the prime factors of 1*240/7 - d/42?
2, 17
Suppose 434480 = 24*h - 604168. What are the prime factors of h?
13, 3329
Let y(o) = o**3 + 4*o**2 + 4*o + 3. Let v be y(-3). Suppose 4*m + 12 = v, -2*q = -m - m - 554. List the prime factors of q.
2, 137
Let z(s) = 57*s**3 - 6*s**2 + 59*s - 199. List the prime factors of z(4).
37, 97
Let p be 11*(20/6)/((-12)/(-36)). Let a = p - 45. Suppose -2*q - 4*l + 151 = 3*q, 0 = 3*q - 4*l - a. What are the prime factors of q?
3
Suppose 909546 + 440245 = 305*g - 4920399. List the prime factors of g.
2, 19, 541
Suppose 0 = -2*g + 4*j + 9756, -9*g + 4*j = -10*g + 4878. Suppose 5*k = -l + 4872, 5*k - 32*l - g = -36*l. List the prime factors of k.
2, 487
Let x = -5175 + 8072. List the prime factors of x.
2897
List the prime factors of (-8 + 0)*(-10)/(-20) - 21509*-1.
5, 11, 17, 23
Suppose 8*j - 35*j = -702. Suppose 57 = 3*o + 2*s - s, 2*s = o - j. List the prime factors of o.
2, 5
Let h(q) = 57*q + 4. Let x be h(6). Let d be 4/6*(2 + -1)*264. Let b = x - d. List the prime factors of b.
2, 5, 17
Let r(u) = 40*u**2 + 36*u - 38. Let m(x) = -20*x**2 - 17*x + 18. Let l(y) = -7*m(y) - 3*r(y). What are the prime factors of l(4)?
2, 11
Suppose 0 = 2*o - 0 - 4. Suppose -6*b + 0*b = -o*b. What are the prime factors of (-2 - b - (-50 + 1)) + 0?
47
Let n(l) = -l**3 - 19*l**2 - 17*l + 5. Let z be n(-18). Let c = z - -13. Suppose c = 10*h + 464 - 2714. List the prime factors of h.
3, 5
Suppose v + 39337 = 4*l, -4*v = 5*l - 0*l - 49145. List the prime factors of l.
9833
Let t be (-1 - 0/(-5)) + -307. Let i = 502 + t. Suppose i = 4*p - 78. List the prime factors of p.
2, 17
Let a be 34*(45/(-10) + 5). Suppose -378 = 16*p - a*p. List the prime factors of p.
2, 3, 7
Let x(w) = 3*w**2 + 228*w + 62. List the prime factors of x(-77).
293
Let n = 541 - 235. Let w = 501 - n. List the prime factors of w.
3, 5, 13
Suppose 0 = -2*h - 2*h + 436. Let m = 150 - h. Suppose -5*u = 2*i - i - 221, -3*i - m = -u. What are the prime factors of u?
2, 11
Let a = -103764 + 168960. What are the prime factors of a?
2, 3, 1811
Suppose 3*o - 220221 = -3*a + 29523, 0 = -o - 9. List the prime factors of a.
83257
Let o(v) = -16*v**3 + 6*v**2 - 3*v - 5. Let d be o(-3). Suppose -5*a + a - 2*k + d = 0, 0 = k + 3. List the prime factors of a.
2, 31
Suppose -5*f + 341 + 884 = 0. Let v = -33 + f. Let u = v + -128. List the prime factors of u.
2, 3, 7
Suppose -f - 2*o + 128 = 0, 0 = -4*o + o. What are the prime factors of (-160)/f - 1841/(-8)*2?
3, 17
Suppose 140*m - 145*m = 95. List the prime factors of (-5588)/m + (-2)/19.
2, 3, 7
Let o(g) be the third derivative of 19/2*g**3 + 0*g - 1/60*g**5 + 28*g**2 - 1/12*g**4 + 0. List the prime factors of o(0).
3, 19
Let c = 128 + -110. Let x = c - -116. What are the prime factors of x?
2, 67
Let c(t) = t**2 + 8*t + 2. Let q be c(-7). Let x(h) = -4*h + 140*h**2 - 72*h**2 - 66*h**2 + 10. List the prime factors of x(q).
2, 5
Let t(s) = -66 + s + s**2 + 72 + 2*s. What are the prime factors of t(-9)?
2, 3, 5
Let l be 49 + (9 - -4 - 8). What are the prime factors of ((-252)/27)/7*l/(-4)?
2, 3
Suppose 25*z - 8400 = -l + 27*z, -l = -z - 8398. What are the prime factors of l?
2, 2099
Suppose 4*m + k = 25, 4*m + 4*k = -0*m + 40. Suppose m*j - v = -471 + 3624, -v = 3. What are the prime factors of j?
2, 3, 5, 7
Let z(i) = -19 + 32 - 18 + 4*i**2. Let b be z(4). Suppose 0 = 5*h - b - 211. List the prime factors of h.
2, 3
Suppose c - 61*q + 64*q = 7719, 4*c + 4*q = 30884. Suppose 3666 = 26*s - c. List the prime factors of s.
2, 3, 73
Let q = 165 - 163. Let a(i) = 40*i**2 - 40*i + 75. List the prime factors of a(q).
5, 31
Let n = 1161 - -8442. List the prime factors of n.
3, 11, 97
Let v be 1 + (-6114)/(-2) - (-2 + 4). What are the prime factors of ((-10)/4)/((-27512)/v - -9)?
5, 191
Let a = 114 - 108. Suppose z + 45 - 396 = -4*b, 0 = -2*b + a. What are the prime factors of z?
3, 113
Suppose 5*g - 139 = -0*h + 3*h, -41 = -g + 5*h. Suppose 7*m - 9*m - 122 = -4*x, -x = -5*m - g. What are the prime factors of x?
31
Suppose 5*s - 15 = 5*x, -59 + 16 = 5*x + 2*s. Let k = 0 + x. List the prime factors of 2/k - 204/(-28).
7
Let r be (-1)/(12/(-8) + 21/18). Suppose 60 = 8*d - r*d - 5*a, 3*d - 5*a = 46. What are the prime factors of 8250/175 - 1/d?
47
Let y = -26449 + 37535. List the prime factors of y.
2, 23, 241
Let j = -10296 - -26801. List the prime factors of j.
5, 3301
Let r be 11/(-2) - (-4)/8. Let n = 48 + r. Suppose 8*w + n - 395 = 0. What are the prime factors of w?
2, 11
Suppose 9*s + 2*c + 534 = 11*s, 4*s + 3*c - 1054 = 0. Let a = s - 214. List the prime factors of a.
3, 17
Let g be (-34)/119 + (-3342)/14. Let w = 380 + g. Suppose 0 = 14*z - 11*z - w. List the prime factors of z.
47
Let k = 6617 - -2876. List the prime factors of k.
11, 863
Let w = -13166 - -29979. List the prime factors of w.
17, 23, 43
List the prime factors of (-21)/((-84)/(-8)) - -5228.
2, 3, 13, 67
Let i = 1875 - 885. Suppose -4*t + i = -1894. List the prime factors of t.
7, 103
Let o = -209 + 241. Suppose o*d - 31*d - 182 = 0. List the prime factors of d.
2, 7, 13
Suppose 3*f + 61 = 316. List the prime factors of ((-111)/(-15) - 6)*f.
7, 17
Let f be 16/(-3)*804/(-8). Let m = 1137 - 913. Suppose -m = 3*g - f. What are the prime factors of g?
2, 13
Let p(k) = -3*k + 61. Let y be p(19). Suppose -8 = 2*l + y*j, 0*l + 34 = 4*l - 2*j. List the prime factors of l.
2, 3
Let t be 1387 - (0/1 - (-12)/4). Let g = 2318 - t. What are the prime factors of g?
2, 467
Let f(x) = x**3 + 16*x**2 + 23*x + 14. List the prime factors of f(15).
2, 19, 193
Suppose -4*r - 3*m + 3093 = 0, m - 3 = -0. Let w = r + -447. What are the prime factors of w?
2, 3
What are the prime factors of (-12)/(-14) + (-2517360)/(-336)?
59, 127
What are the prime factors of 12/90*-5 + ((-5004405)/(-27))/5?
19, 1951
Suppose -18*j + 252106 = 83698. Suppose 37*n = j + 9995. List the prime factors of n.
523
Let u be (0 - -9)/((0 - 5)/30). Let z = -48 - u. List the prime factors of z.
2, 3
Let x be 4/22 + 340/187. Suppose 0 = 5*v - 2*q - 17, 0 = -v - v + 3*q - x. Suppose v*u = 8*u - 156. What are the prime factors of u?
2, 13
Let h(f) = 4*f**2 - 6*f + 57. List the prime factors of h(-32).
5, 11, 79
Let f = 50 - 50. Suppose f = -0*i - i - 3*s + 254, 2*s = -i + 255. What are the prime factors of i?
257
Let q be (-4 + 4)/(-5) + 19. Suppose 0 = 2*f - 539 - 373. Suppose q*y - 25*y + f = 0. List the prime factors of y.
2, 19
Let j(o) = -o**3 - 7*o**2 + 39*o + 104. What are the prime factors of j(-14)?
2, 3, 5, 31
Suppose -5*q - 4*k - 18 = 0, 3*q - 2*q + 18 = 4*k. List the prime factors of (-1913)/(-7) + q/21.
3, 7, 13
Suppose 0 = 5*l + 2*x - 46059, -5*l + 5*x + 44432 + 1648 = 0. What are the prime factors of l?
3, 37, 83
Let k = 24566 + -17124. What are the prime factors of k?
2, 61
Let y = -17 - 275. Let g = 926 + y. List the prime factors of g.
2, 317
Suppose 4*m - 20 = 0, 0 = 2*p - 0*m + 2*m - 18. Suppose 3*x - 4 = -u, -5*u + 3*u = -p*x + 12. List the prime factors of (x + -18)*(-2)/4.
2
Let u = -75 - 1. Let c be (5 - 30/5)*u. Let q = c - -164. List the prime factors of q.
2, 3, 5
Let h(y) = -19*y**2 + 4*y + 9. Let a = -57 + 55. Let d be h(a). Let j = d + 107. What are the prime factors of j?
2
Let x(g) = -g**3 + 12*g**2 - 21*g + 9. Let q be x(10). What are the prime factors of (-327)/6*(-19 + q)?
2, 5, 109
What are the prime factors of (-49422)/21*(-231)/(-66)*(-2)/2?
8237
Suppose v + 4*b - 29150 = 17304, 5*v - 5*b - 232370 = 0. List the prime factors of v.
2, 3, 5, 1549
Let j(z) = 6 + 14 + 16*z + 2*z**2 + 3. Let h = 393 - 405. List the prime factors of j(h).
7, 17
Let a be (5/3)/((-150)/(-180)). List the prime factors of ((-87009)/30)/(-13) + a/(-20).
223
Suppose -2*o + 476 = -4*h, h - 451 = 2*o - 4*o. Suppose 8116*b + 585 = 8103*b. Let w = o + b. List the prime factors of w.
3, 61
What are the prime factors of (-165)/132 - 2/((-32)/50228)?
2, 3, 523
Suppose -10*k - 6 + 6 = 0. Suppose 